
Let a(v) = -2*v**2 + 18*v - 6. Let s be a(8). Let g(q) = -s + 0 - 2*q + 7. Calculate g(-6).
9
Let w be 1*-7*-1 - 2. Let s(x) = -6*x + 6. Let l(t) = t - 1. Let r(i) = 14*l(i) + 2*s(i). Determine r(w).
8
Suppose a = 2*a - 6. Suppose h = a - 0. Let g(q) = -3*q**2 + 2 + 4 + h*q - q**3 - 1. Give g(-4).
-3
Let f(z) = z**2 + z + 6. Suppose 116 - 14 = 3*t. Let y be t/10 + (-4)/10. Suppose -5*d = -y*d. What is f(d)?
6
Let c(l) be the second derivative of -l**4/12 + 4*l**3/3 - 5*l**2/2 - 6*l + 1. Determine c(6).
7
Let d(g) = 8*g + 10. Let u(z) be the first derivative of -3*z**2/2 - 3*z - 4. Let o(v) = -4*d(v) - 11*u(v). What is o(3)?
-4
Let v(i) be the second derivative of i**4/12 - i**3/3 - i**2/2 + 6*i. Give v(-2).
7
Let m(v) = v**3 - 5*v**2 - 5*v - 5. Let b be ((-3)/4)/((-1)/8). What is m(b)?
1
Suppose -a - 4 - 1 = -t, 2 = -t. Let m(f) = -f - 10. What is m(a)?
-3
Let q(o) = -6*o - 2. Let x(f) = -f + 1. Let a(d) = -q(d) + x(d). Suppose 0 = 4*u + 8 - 0. Give a(u).
-7
Suppose 0 = 3*g + 3*j + 4 + 8, -4*j = -3*g + 2. Let t(s) = -16*s**3 + 18*s**3 - 5*s + 2*s**2 + 1 + 4*s. Determine t(g).
-5
Let y(b) = 0 - 2 - 6*b + 0. What is y(2)?
-14
Let v(x) = -2*x + 3. Let q(d) = -2*d + 3. Let l(f) = 6*q(f) - 7*v(f). Let a be 6/4*(-16)/(-6). Give l(a).
5
Suppose 0 = 8*t - 3*t - 25. Let w(g) = -4*g - 3 + 4 + 450*g**2 - 449*g**2. Give w(t).
6
Let k(z) = -z - 4*z - 2 + 4 + z**2. Let x be k(2). Let l(w) = -w**2 - 4*w - 5. Give l(x).
-5
Let n be (-2 + (0 - -1))*-2. Suppose -2*p - j = n*p + 5, 0 = -4*p - 2*j - 10. Let y(i) = 3 + i + p*i + 2*i. Give y(-3).
-6
Let t(h) = -h**2 - 4*h. Suppose 2*z + 1 = 4*g - g, -3*g = -4*z - 5. Let c = -6 - z. What is t(c)?
0
Let q(k) = 7*k**3 + 11*k**2 - 19*k - 10. Let t(n) = 8*n**3 + 11*n**2 - 20*n - 9. Let o(u) = -7*q(u) + 6*t(u). Calculate o(-12).
4
Let h be -1*4/(-4)*1. Let c(j) = j**3 - 2*j**2. Calculate c(h).
-1
Let f = 20 + -18. Let p(v) = -5*v - 9 - 2*v + 11*v**2 - 12*v**f. Let z(l) = -l**3 + 7*l**2 - 7*l. Let i be z(6). Give p(i).
-3
Let q be 1/(4/48*3). Let o(k) be the third derivative of k**2 + 1/3*k**3 + 0*k + 0 - 1/6*k**q. Determine o(2).
-6
Let p(w) = w**2 - 9*w + 9. Let y(o) = -o**2 + 9*o - 8. Let c(q) = 3*p(q) + 4*y(q). What is c(6)?
13
Let d(x) = x**3 + 8*x**2 + 6*x + 5. Let c be (1 + 1)*(-203)/58. Give d(c).
12
Let g(t) = 9 + 3 - 2*t - 3*t. Let j(o) = -11*o + 25. Let m(u) = -9*g(u) + 4*j(u). Give m(5).
-3
Let g(m) = -m**2 + 12*m - 2. Let v be g(12). Let c(k) = -k**3 - 3*k**2 + 2. What is c(v)?
-2
Let q(j) = j**3 + 4*j**2 - 5*j - 1. Let n = -3 - 13. Let y = 11 + n. What is q(y)?
-1
Let t(q) = -3*q - 7. Suppose -5*o + 2 = 7. Let a = o - -5. Suppose a*c + 2 = 2*u, 3*u + 4*c - 2*c = -21. Give t(u).
8
Let b(u) = 1 + 5*u**2 + 2*u + 0*u**2 + 2*u**2. Calculate b(-1).
6
Suppose 0*t - 18 = -2*t. Suppose t*j - 8*j + 5 = 0. Let d(h) = h**3 + 4*h**2 - 6*h - 3. Give d(j).
2
Let r = 2 - -4. Suppose r*y = 4*y - 12. Let f(x) = -x**2 - 6*x + 6. Calculate f(y).
6
Let y = -11 + 15. Let d(c) = 2*c**2 + 2 - 3*c**2 + c**2 + y*c + c**2. Calculate d(-4).
2
Let j = 16 - 22. Let a(m) = m**3 - m**2 - m. Let u(y) = y**3 - 8*y**2 - 4*y + 2. Let h(d) = 2*a(d) - u(d). Calculate h(j).
-14
Let g(m) = m**2 + 7*m - 2. Let w be g(-7). Let p(k) = -k**3 - 2*k - 3. What is p(w)?
9
Suppose 3 + 12 = -3*b. Let l(i) = i + 7. Let m be l(b). Let c(k) = k**2 + k**2 - 6*k**2 + k**3 - k**m + 2. What is c(5)?
2
Let h(r) be the third derivative of r**5/120 - r**4/12 + r**3/3 + 2*r**2. Let g(j) be the first derivative of h(j). What is g(6)?
4
Let q(p) = -4*p + 6. Let y be q(3). Let a(t) = -t + 7. What is a(y)?
13
Let q(g) = g + 18. Let b(y) = -3*y - 53. Let d(h) = -6*b(h) - 17*q(h). Calculate d(-6).
6
Let g(v) = v**2 + 5*v - 2. Let o = -26 + 20. Give g(o).
4
Let q(d) = d**3 - 5*d**2 - 9*d + 9. Let g = -4 + 10. What is q(g)?
-9
Let q(d) be the second derivative of -d**3/6 - d**2/2 - d. Let i be (-8)/(-6) - (-21)/(-9). Let n be 0 + (i/(-1) - 1). Determine q(n).
-1
Let d(a) = a**2 + 5*a - 9. Let n(w) = -6*w**2 - 25*w + 46. Let z(y) = 11*d(y) + 2*n(y). Suppose -11*r + 37 = -18. Give z(r).
-7
Let r(w) = w - 5. Let j be r(7). Suppose 4*u - j*u - 16 = -2*o, -11 = 3*u - 4*o. Let q(c) = 3*c**3 - 2*c**3 - 2*c**2 + 3 - 4. Give q(u).
8
Let d(s) = -s**3 - 4*s**2 - 3*s. Suppose 2*x - 3*x - 4 = 0. Calculate d(x).
12
Suppose 0 = -4*l + 3*s - 1, 2*s + 0*s - 2 = 4*l. Let a(g) be the first derivative of g**4/4 + 2*g**3/3 - g - 2. Determine a(l).
0
Let b(k) be the second derivative of k**6/40 + k**5/60 - k**4/24 + k**3/6 + 5*k**2/2 + 7*k. Let a(d) be the first derivative of b(d). What is a(1)?
4
Let m be 22 - (2 - (5 + -3)). Suppose -3*a = -m - 2. Let q = a + -7. Let w(i) = -10*i - 1. Determine w(q).
-11
Let m(v) be the first derivative of -5*v**3/3 - v**2/2 + v - 1. Suppose -q + 2*q - 5 = 0. Let n be (4 - q)*-1*1. Give m(n).
-5
Suppose 0 = -0*g - 2*g + 6. Let q be g - 1 - (3 - 1). Let f(l) = -5*l - 3. Let r(z) = 11*z + 7. Let m(x) = 9*f(x) + 4*r(x). Determine m(q).
1
Let u(a) = -5*a**2 - a. Let g be -20 + 0 - (0 + -2). Let o be (-10)/4*g/(-15). Let i = o - -2. Give u(i).
-4
Let b(s) = -4*s. Let i(k) = 9*k. Let l(t) = -7*b(t) - 3*i(t). Let w(o) = -3*o**2 - 2*o**2 - 2*o - 3 + 3*o**2 + o**3. Let c be w(3). What is l(c)?
0
Let v(z) = -4*z - 4 + 10 - 1 - 2. Determine v(5).
-17
Let i be ((-6)/(-4))/(6/(-8)). Let s(m) = 2*m**3 + 2*m**2 - 3*m - 2. Determine s(i).
-4
Let k(y) = -y**3 - 1. Let q(o) = -o**3 - 4*o**2 - 6*o + 5. Let t(s) = -2*k(s) + q(s). Determine t(5).
2
Suppose c + 6 = -2*c. Let d = 12 + -10. Let x(v) = 1 - 2 - v + 0*v + d*v**2. Calculate x(c).
9
Let d(w) = 2*w**2 - 2*w + 2. Let m(k) = -k. Let c be m(-3). Suppose 5*q = c*q - 30. Let r be ((-6)/q)/(1/5). Determine d(r).
6
Let i(k) be the second derivative of -k**3/6 - 15*k**2/2 + 5*k. What is i(-7)?
-8
Suppose 2*f - 2 = -0*f. Let b(k) = k + 1. Let y(q) = q**3 + 5*q**2 - 6. Let j(s) = f*y(s) + 5*b(s). Let a = -2 - 2. What is j(a)?
-5
Let t(d) = 11*d**2 + 1. Let z be (-21)/(-42)*(1/(-1) - -3). Give t(z).
12
Let h(z) be the first derivative of z**4/4 - z**3/3 + 4*z + 1. Determine h(0).
4
Let x be (-2 - 2)*6/12. Let h(f) be the third derivative of f**7/1680 + f**6/240 - f**5/30 + f**2. Let z(v) be the third derivative of h(v). Determine z(x).
-3
Let j(c) be the first derivative of 6*c + 4*c**2 + 10 + 1/3*c**3. Calculate j(-6).
-6
Let x(k) = -k**2 - 3*k - 1. Let w be x(-2). Let h(c) be the first derivative of 3*c**2 - 2*c**2 - 2 + 0*c**2 - c. Determine h(w).
1
Let y(x) = x - 1. Let r be (-9 - -5)*(1 - 2). Determine y(r).
3
Suppose o + o = -4, g + 2*o + 3 = 0. Let i(k) = k - 2 - 4*k**2 - k - 1 + k + 4*k**3. Let v(s) = s**3 - s**2 - 1. Let r(t) = i(t) - 3*v(t). Determine r(g).
1
Let t(d) be the first derivative of -d**2 + 2*d**2 - 2 - 2*d**2 - 6*d. Suppose -3*o - 21 = -6. Give t(o).
4
Let u(c) = c**3 - 5*c**2 - 6*c - 5. Let r(x) = -x**2 - 9*x - 13. Let p be r(-6). Suppose 6 = p*n - 24. Give u(n).
-5
Let y(q) = 5*q + 9. Let g(h) = -2*h - 3. Suppose 5*u - 14 = 3*u. Let z(a) = u*g(a) + 2*y(a). Determine z(-4).
13
Let l(k) be the second derivative of -k**5/20 - k**4/2 - 2*k**3/3 + k**2 - 9*k + 1. Calculate l(-4).
-14
Let d(u) = u**3 + 4*u**2 - 7*u - 3. Let v = 2 + -7. Calculate d(v).
7
Let h(q) = -q**2. Let z = -5 + -3. Let t = 11 + z. What is h(t)?
-9
Let c = 10 - 9. Let u(q) be the first derivative of -q**4/12 + q**3/2 - q**2/2 + q - 2. Let s(f) be the first derivative of u(f). What is s(c)?
1
Let k(l) = -2*l - 4. Let h(g) = g**3 - 6*g**2 + 4*g. Let p be h(5). Give k(p).
6
Let w(i) = -i + 6. Let z(j) = j**2 - 11*j + 11. Let v be z(10). Let h be v*(0 + 0/1). Calculate w(h).
6
Let q(t) = -t**3 + 11*t**2 + 2*t + 7. Let x(l) = l**3 - 12*l**2 - l - 7. Let g(a) = -6*q(a) - 5*x(a). Determine g(7).
-7
Let d be (5/(-10))/((-4)/32). Let h(c) = c**2 - c - 2. What is h(d)?
10
Let a be 7/(3 + -2) - (0 + 3). Let f be ((-3)/(-4))/(2/(-8)). Let j = a + f. Let y(p) = -5*p. Give y(j).
-5
Suppose 16 = 3*i - 5*b - 12, 13 = 3*i - 2*b. Let z(w) = -227*w**2 - w + 1 + 452*w**2 - 223*w**2. What is z(i)?
2
Let g(p) = 2*p**2 - 29*p - 14. Let y be g(15). Let a(i) = 5*i**3 - i**2 + i. Calculate a(y).
5
Let f(m) = m**3 - 3*m + 2. Suppose -2 + 0 = -4*z - 2*p, 4*p = 2*z - 16. Calculate f(z).
4
Let m(f) = -3*f + 7*f - 4*f + 2 + 2*f. Give m(-3).
-4
Let s(y) = -5 - y**3 - 2*y